ctor of 500038530 and 6.
6
Calculate the greatest common factor of 840711 and 98193.
213
Calculate the highest common divisor of 1256 and 172630292.
628
What is the greatest common divisor of 53256183 and 57?
57
What is the highest common divisor of 4320022 and 154?
14
Calculate the greatest common divisor of 2304 and 9653184.
576
What is the highest common factor of 1900600 and 81?
1
What is the highest common factor of 278775 and 2592401?
413
Calculate the greatest common divisor of 56 and 4359698.
14
Calculate the highest common factor of 2604 and 1535688.
84
What is the greatest common factor of 28310 and 5735010?
1490
What is the greatest common divisor of 1890 and 3593730?
210
Calculate the highest common divisor of 24 and 5875592.
8
Calculate the greatest common factor of 168676 and 412.
4
What is the greatest common divisor of 258655408 and 204?
68
Calculate the highest common divisor of 164876574 and 68.
34
What is the highest common factor of 222 and 3633186?
6
Calculate the greatest common factor of 170 and 6548553.
17
Calculate the greatest common factor of 340582179 and 84.
21
Calculate the highest common divisor of 258956 and 232113.
1579
What is the highest common divisor of 5319810 and 96075?
2745
What is the highest common factor of 105233498 and 2?
2
What is the highest common divisor of 3162 and 8404086?
102
Calculate the greatest common factor of 352 and 541984.
32
What is the greatest common factor of 3530538 and 24926?
242
What is the highest common divisor of 4004 and 13708838?
286
Calculate the highest common factor of 43263 and 19689472.
4807
What is the highest common factor of 209678887 and 77?
11
What is the highest common factor of 909 and 138110733?
909
Calculate the greatest common factor of 16 and 32792152.
8
Calculate the greatest common divisor of 4563 and 11731122.
351
What is the highest common divisor of 68 and 244619?
1
Calculate the greatest common divisor of 42227697 and 4611.
159
Calculate the greatest common factor of 1948776 and 384.
24
What is the highest common divisor of 1716 and 12355772?
572
What is the greatest common divisor of 24352020 and 15840?
1980
Calculate the greatest common divisor of 481252941 and 65.
13
Calculate the highest common divisor of 24750 and 148896.
198
What is the greatest common divisor of 50926410 and 270?
90
Calculate the greatest common divisor of 445206524 and 28.
28
Calculate the highest common factor of 1043 and 9216991.
1043
What is the greatest common factor of 26 and 5532527?
13
What is the highest common factor of 9693348 and 114228?
2004
What is the greatest common factor of 31320 and 396140?
580
Calculate the highest common divisor of 1090 and 92647820.
1090
Calculate the greatest common divisor of 125084147 and 17.
17
Calculate the greatest common factor of 21220602 and 156.
78
What is the greatest common factor of 196 and 154089271?
49
Calculate the highest common divisor of 1429209972 and 4269.
4269
What is the greatest common factor of 3549 and 178126?
169
What is the highest common factor of 120290 and 222710?
10
What is the greatest common factor of 3 and 4459766?
1
What is the greatest common divisor of 732883884 and 19?
19
What is the greatest common divisor of 105160 and 5885?
55
Calculate the highest common factor of 679693002 and 516.
258
Calculate the highest common factor of 2440760 and 5796.
644
Calculate the greatest common factor of 8249318 and 374.
374
What is the highest common factor of 1388849 and 9549?
1061
Calculate the highest common divisor of 4839494 and 2706.
22
What is the greatest common divisor of 94471389 and 25677?
2853
What is the greatest common factor of 18708 and 8031?
3
What is the greatest common divisor of 1551662 and 51786?
1918
What is the highest common divisor of 127013 and 138317?
157
What is the greatest common divisor of 1161224 and 69?
23
Calculate the highest common factor of 1023948 and 817.
19
Calculate the highest common divisor of 434 and 55134058.
434
Calculate the highest common divisor of 69 and 5544840.
69
Calculate the highest common factor of 65 and 30904627.
13
Calculate the greatest common divisor of 522664 and 17720.
8
What is the highest common divisor of 64881 and 3192252?
267
What is the highest common factor of 7749 and 1822257?
27
What is the highest common factor of 4108303 and 1238?
619
Calculate the greatest common divisor of 106493 and 40657.
109
What is the greatest common divisor of 127792 and 76244?
196
What is the greatest common factor of 1868356 and 13356?
1484
What is the greatest common factor of 2907 and 3168630?
2907
Calculate the greatest common factor of 140 and 86996.
28
Calculate the highest common factor of 3 and 816249909.
3
Calculate the highest common factor of 12876383 and 26.
13
Calculate the greatest common factor of 3717 and 566251497.
3717
Calculate the greatest common factor of 78112 and 270.
2
What is the greatest common factor of 1081 and 3986797?
23
Calculate the greatest common divisor of 5856864 and 4864.
608
Calculate the highest common factor of 237208998 and 8658.
2886
Calculate the greatest common factor of 36 and 112604772.
12
What is the greatest common divisor of 809933618 and 13?
13
Calculate the greatest common divisor of 592 and 16181580.
148
Calculate the highest common divisor of 9760 and 585440.
160
What is the greatest common divisor of 8 and 244456696?
8
What is the greatest common divisor of 206 and 1492882?
206
What is the greatest common factor of 168 and 1899516?
12
What is the greatest common divisor of 2772 and 614229?
231
What is the highest common factor of 14532688 and 505?
101
What is the highest common divisor of 652880 and 48?
16
Calculate the highest common factor of 143013 and 229957377.
7527
Calculate the highest common divisor of 121549904 and 560.
112
What is the highest common factor of 5929 and 449515?
121
Calculate the greatest common divisor of 38 and 277556.
2
What is the greatest common factor of 77909 and 361424?
461
What is the highest common divisor of 198194 and 69208?
82
Calculate the highest common divisor of 284 and 846343430.
142
What is the highest common divisor of 4424201 and 2?
1
Calculate the highest common factor of 32 and 1641795184.
16
What is the greatest common divisor of 2508 and 24440232?
228
What is the highest common factor of 38817353 and 81213?
2461
Calculate the greatest common divisor of 24299 and 105468.
517
Calculate the highest common divisor of 121623 and 1420.
71
What is the greatest common divisor of 1137084 and 4292?
148
Calculate the greatest common divisor of 268737184 and 8298.
922
What is the greatest common divisor of 48 and 152326428?
12
What is the highest common divisor of 10 and 8129985?
5
Calculate the greatest common divisor of 450 and 1174068.
18
Calculate the highest common factor of 937 and 243567528.
937
Calculate the highest common factor of 935406 and 59346.
2826
Calculate the highest common divisor of 410164 and 135628.
164
What is the highest common factor of 114 and 220092998?
38
Calculate the highest common divisor of 27 and 244566540.
27
Calculate the greatest common factor of 4350 and 65706228.
174
Calculate the greatest common factor of 25167648 and 1056.
1056
Calculate the greatest common divisor of 210 and 60426930.
30
Calculate the highest common factor of 142194 and 39234.
78
What is the greatest common divisor of 78561 and 4198446?
1827
Calculate the greatest common factor of 131287 and 4381.
13
Calculate the greatest common factor of 484 and 16708.
4
What is the highest common divisor of 25498 and 26810476?
1342
What is the greatest common factor of 1407530 and 470?
10
What is the greatest common divisor of 21582 and 502810242?
7194
Calculate the highest common divisor of 2640 and 1918480.
80
Calculate the highest common factor of 4147975 and 325.
325
Calculate the greatest common divisor of 48580190 and 40.
10
What is the highest common factor of 411 and 15862545?
411
What is the highest common divisor of 37520 and 26145343?
469
Calculate the highest common factor of 410 and 2801530.
410
Calculate the greatest common factor of 216 and 11368242.
54
Calculate the greatest common factor of 1492257 and 33449.
1079
What is the greatest common factor of 11557 and 2